2
Convert -31342 (base 6) to base 11.
-3203
What is 76 (base 14) in base 4?
1220
What is -21643 (base 9) in base 10?
-14376
-2212 (base 8) to base 10
-1162
-4c84 (base 15) to base 3
-211101121
Convert 10101 (base 4) to base 3.
101010
-a04 (base 11) to base 13
-725
What is 2616 (base 7) in base 15?
463
Convert 120202 (base 3) to base 5.
3200
What is -20a2 (base 12) in base 9?
-4815
Convert -1100010000101 (base 2) to base 10.
-6277
Convert 470 (base 16) to base 7.
3212
What is -4004104 (base 5) in base 13?
-228c5
Convert 1011212 (base 3) to base 15.
3c5
2100331 (base 5) to base 10
34466
Convert 6296 (base 15) to base 7.
114522
-5211 (base 8) to base 3
-10200220
Convert 32615 (base 10) to base 8.
77547
Convert -4241 (base 7) to base 5.
-21444
Convert -8b5 (base 15) to base 12.
-1182
Convert -7c9 (base 14) to base 2.
-11000001101
Convert 23566 (base 13) to base 6.
1215134
What is -5553 (base 6) in base 9?
-1686
Convert -1344 (base 6) to base 15.
-187
-729 (base 12) to base 7
-3015
What is -1179 (base 11) in base 16?
-602
Convert 93d (base 14) to base 3.
2111101
-23302100 (base 4) to base 12
-23b28
-2a9 (base 11) to base 13
-21a
What is 2311 (base 6) in base 7?
1411
Convert 2540 (base 6) to base 2.
1001111100
10a4 (base 13) to base 8
4433
What is 1387 (base 13) in base 9?
3767
What is 177a (base 12) in base 14?
1062
What is -3536 (base 7) in base 8?
-2425
2674 (base 11) to base 5
102334
Convert 71a1 (base 14) to base 3.
222210220
Convert 11011100111 (base 2) to base 12.
1033
What is -3a2 (base 11) in base 12?
-337
What is 2134 (base 10) in base 7?
6136
-1312 (base 6) to base 16
-14c
Convert -4d8 (base 15) to base 9.
-1455
-11020112 (base 3) to base 11
-2361
What is -1a3 (base 12) in base 13?
-177
Convert -11331 (base 5) to base 2.
-1101001001
1002032 (base 4) to base 11
3203
-400312 (base 5) to base 12
-7346
110402 (base 6) to base 4
2100002
What is 2435 (base 7) in base 14?
48c
-33222 (base 8) to base 6
-144402
Convert -14623 (base 7) to base 9.
-5537
What is -3be (base 16) in base 13?
-589
4704 (base 8) to base 7
10201
2750 (base 8) to base 15
6ac
-103001 (base 4) to base 2
-10011000001
-1202120 (base 3) to base 14
-67a
-22011 (base 3) to base 15
-ea
Convert 55 (base 9) to base 6.
122
Convert 305 (base 12) to base 9.
535
What is 2320 (base 8) in base 5?
14412
What is 352 (base 11) in base 14?
220
Convert 6a2 (base 13) to base 8.
2172
1738 (base 9) to base 10
1331
Convert -2ba (base 15) to base 12.
-441
10100001110001 (base 2) to base 13
4935
-4401 (base 9) to base 3
-11110001
What is -11720 (base 9) in base 12?
-4683
1000011011 (base 2) to base 5
4124
What is 21002222 (base 3) in base 10?
5183
What is 4076 (base 12) in base 4?
1231122
Convert 1012020222 (base 3) to base 12.
11738
Convert 341024 (base 6) to base 3.
1110102121
Convert 192a (base 15) to base 9.
7414
-11352 (base 6) to base 15
-752
What is -66621 (base 9) in base 4?
-22303111
112332 (base 6) to base 8
22640
-204051 (base 6) to base 10
-16447
Convert 1110222 (base 3) to base 4.
100313
Convert 2010 (base 8) to base 6.
4440
Convert -10213230 (base 4) to base 7.
-106113
What is -40331 (base 8) in base 13?
-7730
-234 (base 12) to base 10
-328
What is 2001200010 (base 3) in base 11?
28545
What is 1614 (base 8) in base 4?
32030
What is -2310 (base 6) in base 9?
-666
What is 1312 (base 8) in base 7?
2040
1a20 (base 12) to base 16
c78
766 (base 13) to base 4
103303
Convert -22121 (base 3) to base 11.
-1a1
Convert -56a (base 11) to base 12.
-489
Convert -61124 (base 8) to base 13.
-b5c4
What is -1400 (base 6) in base 2?
-101101000
Convert 12111 (base 3) to base 12.
104
Convert -91 (base 10) to base 9.
-111
What is 111011011100 (base 2) in base 4?
323130
Convert 3135 (base 10) to base 5.
100020
Convert 11230 (base 6) to base 12.
b16
What is -757 (base 10) in base 7?
-2131
1548 (base 9) to base 13
6c8
What is -11120101 (base 3) in base 12?
-1b17
143c7 (base 13) to base 15
b3e9
What is -56995 (base 10) in base 5?
-3310440
Convert 51b (base 14) to base 15.
470
What is 113121 (base 4) in base 10?
1497
3234 (base 5) to base 16
1bc
What is -10137 (base 12) in base 10?
-20923
539 (base 11) to base 2
1010000111
What is 12264 (base 7) in base 9?
4380
Convert 1f78 (base 16) to base 5.
224211
174 (base 15) to base 7
655
Convert 12a11 (base 13) to base 10.
34659
-3723 (base 8) to base 14
-a31
10 (base 11) to base 14
b
4607 (base 11) to base 3
22022100
-1ec (base 16) to base 11
-408
-300 (base 4) to base 2
-110000
Convert -247 (base 13) to base 4.
-12031
253 (base 15) to base 12
380
2867 (base 9) to base 8
4167
What is 1346 (base 10) in base 7?
3632
What is 3242 (base 5) in base 12?
313
What is 83a (base 12) in base 15?
54d
Convert 8a (base 11) to base 15.
68
-3331131 (base 5) to base 15
-12411
Convert -319 (base 16) to base 14.
-409
2736 (base 8) to base 6
10542
What is 5103 (base 11) in base 2?
1101001111011
Convert -5bde (base 16) to base 3.
-1012021001
What is 3ac (base 15) in base 9?
1130
Convert -10111101101000 (base 2) to base 6.
-132104
What is b78 (base 12) in base 16?
68c
What is 1454 (base 6) in base 11?
329
234 (base 13) to base 10
381
3b (base 15) to base 4
320
212120100 (base 3) to base 12
9b39
Convert 11642 (base 9) to base 15.
24ae
10004 (base 7) to base 11
1897
Convert 8769 (base 10) to base 4.
2021001
Convert 11220001 (base 3) to base 16.
ded
What is -1323 (base 5) in base 15?
-e3
-11112200 (base 3) to base 15
-eac
Convert 24504 (base 7) to base 14.
24ab
What is 20222 (base 3) in base 15?
c8
-110010000110 (base 2) to base 15
-e3b
-3212 (base 5) to base 8
-660
What is -15041 (base 12) in base 15?
-8aba
Convert 30202 (base 6) to base 11.
2a82
What is -1100101001 (base 3) in base 8?
-63623
What is 17271 (base 8) in base 3?
101210022
-53a5 (base 11) to base 5
-212013
Convert 1011001000 (base 2) to base 13.
42a
Convert 13530 (base 6) to base 3.
2221100
-11a70 (base 13) to base 14
-bc03
What is 10010101000 (base 2) in base 15?
547
Convert -110111100110100 (base 2) to base 13.
-cc5b
Convert -409 (base 15) to base 6.
-4113
What is -15303 (base 8) in base 2?
-1101011000011
What is 153 (base 8) in base 11?
98
Convert -3212 (base 6) to base 13.
-440
-32 (base 6) to base 2
-10100
What is -1001111010 (base 2) in base 11?
-527
What is 1208 (base 12) in base 5?
31044
1001102 (base 3) to base 5
11032
What is 2121003 (base 5) in base 6?
433305
13552 (base 6) to base 16
86c
Convert -9373 (base 12) to base 14.
-5bdd
What is 10102202 (base 3) in base 15?
b1e
Convert -505 (base 9) to base 15.
-1c5
1b9b (base 15) to base 16
176c
What is -5bc (base 14) in base 3?
-1120110
Convert 2d40 (base 15) to base 16.
2607
Convert 133536 (base 7) to base 4.
12023133
What is -622b (base 16) in base 14?
-9231
-1001002 (base 3) to base 11
-62a
Convert 1100111110 (base 2) to base 7.
2264
-3308 (base 16) to base 9
-18825
Convert -23323 (base 7) to base 16.
-176b
2756 (base 9) to base 11
1618
Convert 74644 (base 10) to base 9.
123347
What is 13a (base 14) in base 13?
161
4252 (base 6) to base 7
2552
Convert 46 (base 9) to base 4.
222
Convert -27c9 (base 15) to base 11.
-6440
Convert 3147 (base 12) to base 13.
25b1
-1221200 (base 3) to base 5
-21142
What is -2011113 (base 4) in base 5?
-233120
Convert -31587 (base 9) to base 14.
-7888
What is -2111302 (base 4) in base 2?
-10010101110010
5ea5 (base 15) to base 5
1121210
Convert 15050 (base 6) to base 10.
2406
Convert -1496 (base 13) to base 3.
-11002222
What is -240302 (base 5) in base 15?
-2937
Convert 2c6 (base 15) to base 4.
21330
-12408 (base 12) to base 11
-17684
-28746 (base 9) to base 8
-46153
-21210120 (base 3) to base 15
-1a40
-8481 (base 11) to base 16
-2bd5
What is 24412 (base 7) in base 4?
1203223
a55c (base 16) to base 13
16364
1526 (base 9) to base 3
1120220
Convert -13e (base 16) to base 11.
-26a
a48 (base 15) to base 3
10011212
8043 (base 10) to base 16
1f6b
What is 1101011110010 (base 2) in base 5?
210043
What is -2d8 (base 16) in base 14?
-3a0
-404120 (base 6) to base 7
-162225
What is -6c1a (base 13) in base 5?
-441413
Convert 192 (base 13) to base 3.
101200
Convert -235166 (base 7) to base 15.
-c96e
What is -e00 (base 15) in base 11?
-2404
30503 (base 11) to base 5
2411111
2528 (base 13) to base 2
1010010011001
-14d6d (base 14) to base 6
-1040525
What is -1